+ 30. What is the units digit of z(n)?
5
Let k(y) = y**2 - 3*y - 9. Let g(n) = -n**3 - n**2 - n + 2. Let b be g(0). Suppose 0 = -b*h, -4*d + 2*h = -2*h - 28. What is the tens digit of k(d)?
1
Let r be 7*-1*(-15)/3. Let u = r + 4. What is the units digit of u?
9
Let c(x) = 2*x**3 - x + 1. Let u be c(2). Suppose -u*w + 12*w = -12. Suppose -y - 2*y + 38 = 2*h, -w*h - 78 = -5*y. What is the units digit of y?
4
Let g(l) = -l - 8. Let i be g(-10). Suppose 0 = 2*v - i*b - 4 + 32, b + 10 = -v. What is the units digit of 385/42 + 2/v?
9
Let t(l) = -13*l**3 + 7*l**2 - 6*l + 29. What is the hundreds digit of t(-7)?
8
Let c(h) = -h**3 + 17*h**2 - 29*h - 12. Let j be c(15). Let n = 23 - 32. What is the tens digit of ((-141)/n)/(1/j)?
4
Suppose -2*t + 9 = v - 4, 0 = 3*v + 3. Suppose s - 25 + t = 0. Let a = s + -3. What is the units digit of a?
5
Let h = 88 + -86. Suppose 2*d - 128 = -h*n, 4*d + 3*n - 252 = n. What is the units digit of d?
2
Suppose -5*w + 30 = 5*p, -w = p - 3*p. Suppose i - 3 = 5*b, -5*i = -5*b - w - 11. What is the tens digit of b - 2 - (2 - 20)?
1
Suppose -90*o + 94*o = -3*g + 7805, 0 = g + o - 2602. What is the thousands digit of g?
2
Let o = 5 + -5. Suppose o = -2*b, d - 4*b = 7 + 6. What is the units digit of d?
3
Suppose -3344 = -5*j + 4*t, 17*j - 12*j - 3*t = 3348. What is the units digit of j?
2
Let i(n) = n**2 + 2*n - 49. What is the tens digit of i(-10)?
3
Let t be (2/(-8))/((-1)/4). Let u be (14 - -1) + (t - -1). Suppose 0 = q - 0 + 1, 5*q = -2*r + u. What is the tens digit of r?
1
Let u(o) = 19*o**2 - 2*o + 23. What is the units digit of u(7)?
0
Suppose 591 = -9*y + 6612. Suppose 8*i - y - 875 = 0. What is the units digit of i?
3
Let h = -1102 + 2964. What is the units digit of h?
2
Let c(a) be the third derivative of a**4/12 - 4*a**3/3 - a**2. Let z be c(4). What is the units digit of (z - 1) + 0 + 12?
1
Let a(r) = -120*r + 3. Let x be a(-1). Let g = x + 3. What is the units digit of g?
6
Let g be (18/(-21))/((-2)/(-28)). Let v = -5 - g. What is the units digit of v?
7
Let j = -2261 - -3907. What is the thousands digit of j?
1
Suppose 9*f + 4*u + 45 = 8*f, 3*f - u = -70. What is the hundreds digit of (796/10)/((-10)/f)?
1
Let s be 36/234 + 63/13 - 1. Suppose -4*y = 2*r - 8, 4*r - 17 = -1. Suppose s*k - 49 - 63 = y. What is the units digit of k?
8
Let i = -19 + -3. Let q(n) = -4*n - 57. What is the units digit of q(i)?
1
Let v = 21 - -260. Let d = -65 + v. What is the units digit of d?
6
Suppose 79*c = 87*c - 10592. What is the hundreds digit of c?
3
Suppose 0 = -3*t - 3*g - 87, 2*t + 3*g = 4*g - 55. What is the units digit of 4*53/3 - t/21?
2
Suppose 2*t = -v - 2*t + 1054, 5*t - 5285 = -5*v. What is the hundreds digit of v?
0
Let a(s) = 9*s + 11. Let u = -19 + 24. What is the units digit of a(u)?
6
Suppose -5*p - 4*v + 133 = -26, 0 = -3*p - 5*v + 85. Suppose -p*i = -40*i + 330. What is the units digit of i?
6
Let s(m) = -2*m**2 - 2*m - 5. Let x be s(0). Let w(o) = -2*o**3 - 5*o**2 + 2*o + 5. What is the hundreds digit of w(x)?
1
Suppose 0 = 4*j - q + 25, 2*q + q = 15. Let n(r) = -r - 9. Let s be n(j). What is the tens digit of s + 0 + (-88)/(-2)?
4
Suppose -35 = -23*z + 18*z. Suppose -2*x + 9 = -0*x + l, -z = -x + 2*l. Suppose -2*m + 93 = -x*f, -2*m - 18 = 4*f - 138. What is the units digit of m?
4
Let m(c) = -c**3 - 7*c**2 - 1. Let v be m(-7). What is the tens digit of 1/2 - v - (-1048)/16?
6
Let c = 37 - -23. What is the tens digit of c?
6
Let q(p) = p**2 - 9*p + 6. Let s be q(9). Let x = 29 - s. What is the tens digit of x?
2
Let k(z) = -7*z**3 + 8*z + 87. What is the hundreds digit of k(-5)?
9
Suppose 4*r - 2*p - 28 = 0, -r = 2*r - 3*p - 21. Suppose 3*s - 2*i - 161 = 0, i - r = -2. What is the tens digit of s?
5
Let h(p) = 465*p**3 - p**2 - 4*p + 4. What is the units digit of h(1)?
4
Suppose -8*o - 1369 = -7697. What is the tens digit of o?
9
Let y = -1 - -5. Suppose -y*c = -10 - 10. What is the tens digit of (-7)/(-35) - (-89)/c?
1
Let t be 0 + -2 + (5 - 3). Suppose -3*p + 4*p - 5 = t, -3*q + 4*p + 31 = 0. What is the tens digit of 3 + (q - (0 + -2))?
2
Suppose 0 = 4*g - p - 754, 2*g + 3*g + 3*p - 951 = 0. Suppose -10*o + g = -o. What is the units digit of o?
1
Let w(z) = -38*z - 117. What is the tens digit of w(-12)?
3
Let c be -1655 + 0/(-2)*(-7)/(-14). What is the units digit of (-2)/(-9) + (c/(-45) - 1)?
6
Suppose -2*q = -0*t + 5*t - 77, 0 = -2*t + 2*q + 42. Suppose -l = -5, -t - 3 = -3*x - l. What is the units digit of x?
5
Suppose 4*i - 5 = 3, 0 = n - 3*i - 4. Suppose -3*w + 663 = n*w. What is the tens digit of w?
5
Let q be (-4)/(-18) + 6526/117. Suppose -5*a = 3*a - q. What is the units digit of a?
7
Let c = -31 + 46. Suppose -2*x = -c - 29. What is the units digit of x?
2
Let d(b) = b**2 - 12*b - 2. Let s be d(-8). Suppose -3*l + 5*y = -s, -5*l + y = -3*y - 259. What is the units digit of l?
1
Let f be (-27)/6*(-24)/18. What is the units digit of ((-351)/f)/9*-14?
1
Let m be ((-15)/(-10))/(3/78). Let u = m + -20. Let b = 0 + u. What is the units digit of b?
9
Suppose -28 = -5*p + 17. Let r(j) = 8*j + 21. What is the units digit of r(p)?
3
What is the tens digit of 145/(-15) + 10 + 1607/3?
3
Let x = 1078 + 15. What is the tens digit of x?
9
Let t(v) = 7*v - 10. Let d(m) = -6*m + 10. Let n(h) = 6*d(h) + 5*t(h). Let c be ((-4)/4)/(1/(-7)). What is the units digit of n(c)?
3
Let a(c) = -c**3 - 6*c**2 - 6*c - 4. Let l be -3 + -5 + (-6)/(-2). What is the units digit of a(l)?
1
Suppose 18*w + 3*y - 751 = 16*w, 2*y - 1129 = -3*w. What is the hundreds digit of w?
3
Suppose 0 = -21*x + 17*x - 172. Let r = -36 - x. Suppose -r - 41 = -3*o. What is the units digit of o?
6
Let h be 1 - -1 - (-11 + 10). Suppose 5*l - h*l = 246. What is the units digit of l?
3
Let l(b) = -95*b + 180. What is the units digit of l(-7)?
5
Let k(r) = -r**3 - 12*r**2 - 13*r + 136. What is the hundreds digit of k(-12)?
2
Let u(m) = 21*m**2 + 6*m - 11. What is the tens digit of u(-5)?
8
Let z = -648 - -2824. What is the thousands digit of z?
2
Let w be (0 + (54 - -2))/((-1)/(-1)). Suppose -3*c + 2*l + 24 = 0, 4*c = 3*l - 10 + 43. Suppose c*a - w = -a. What is the units digit of a?
8
Let g be (2/(-4)*-24)/2. Suppose -20 = g*o - 206. Suppose 4*m - 88 = -4*w, -4*m = w - 119 + o. What is the tens digit of m?
2
Let b = -19 + 7. Let y(f) = -2*f + 2. Let q(r) = r. Let u(g) = 3*q(g) + 2*y(g). What is the units digit of u(b)?
6
Let t(v) = v**3 - 13*v**2 + 2*v - 15. Let y(n) = -n**2 - 9*n - 5. Let c be y(-6). Let p be t(c). What is the tens digit of 275/p - (-1 + -2)?
2
What is the hundreds digit of (-5202)/4*82/(-123)?
8
Let j = 2 - -2. Let y = -5 + j. Let o = y + 15. What is the tens digit of o?
1
Let f = 1487 - 926. Suppose 0 = 4*z - 5*h - f, -2*z + h = -11 - 274. What is the units digit of z?
4
Let v be ((-264)/28)/((-1)/126). What is the tens digit of ((v/(-10))/6)/(1/(-5))?
9
Let h = -270 + 678. What is the hundreds digit of h?
4
Let s(d) be the third derivative of -d**6/120 + 7*d**5/60 + d**4/2 - 11*d**3/6 + 2*d**2. Suppose -12*g - 68 + 164 = 0. What is the units digit of s(g)?
1
Let t(a) = -2*a**3 - 24*a**2 + 19*a - 15. What is the units digit of t(-17)?
2
Let a be (-52)/14 + 6/(-21). Let v(c) = -8*c**2 - 8*c - 7. Let f(g) = -9*g**2 - 9*g - 9. Let j(y) = 4*f(y) - 5*v(y). What is the tens digit of j(a)?
4
Let a(s) = s + 7. Let i be a(-3). Suppose -1 + 5 = i*t. Suppose t = -g + 7. What is the units digit of g?
6
Let f(k) = 78*k - 440. What is the thousands digit of f(22)?
1
Suppose -30 = -7*x + x. Suppose -x*i + 75 = w, -8 = 5*i - 18. What is the tens digit of w?
6
Suppose 0 = 5*l - 7*l - 34. Let q(h) = -h**2 - 18*h - 13. Let x be q(l). Suppose -133 - 71 = -x*i. What is the units digit of i?
1
Let z(h) = 2*h**3 - 6*h**2 - 5*h + 1. Let f(d) = 3*d + d**2 - 2*d**2 - 4*d - 3*d**3 - 2*d**3. Let v be f(-1). What is the units digit of z(v)?
6
Suppose 7*g = 11*g - 20. Suppose g*m - 21 = 4. Suppose 8*x = 9*x - m. What is the units digit of x?
5
Let z = 401 + 213. What is the hundreds digit of z?
6
Let u(o) = -64*o - 70. What is the units digit of u(-8)?
2
Let t = 626 + -464. What is the tens digit of t?
6
Let s = 19 - -76. Suppose 43*q + s = 48*q. What is the units digit of q?
9
Let c(f) be the second derivative of 191*f**5/20 - f**3/2 + f**2 - 8*f. What is the